{"id":188,"date":"2025-01-18T21:42:01","date_gmt":"2025-01-18T21:42:01","guid":{"rendered":"https:\/\/www.bmwheritage.club\/?page_id=188"},"modified":"2025-07-28T06:54:29","modified_gmt":"2025-07-28T06:54:29","slug":"agenda","status":"publish","type":"page","link":"https:\/\/www.bmwheritage.club\/index.php\/agenda\/","title":{"rendered":"Agenda"},"content":{"rendered":"\n<p>Les \u00e9v\u00e9nements du BMW Club HERITAGE Brussels pour 2025, et autre ou des membres du Club &nbsp;participe.<\/p>\n\n\n\n<p><strong>14 au 15 f\u00e9vrier:<\/strong> Bourse de v\u00e9hicules anc\u00eatres de Colfontaine.<\/p>\n\n\n\n<p><strong>8 au 9 mars:<\/strong> Salon Champenois du v\u00e9hicule de Collection de Reims.<\/p>\n\n\n\n<p><strong>14 au 16 mars:<\/strong> Collection Cars ANTWERP<\/p>\n\n\n\n<p><strong>4 au 6 avril:<\/strong> 23eme Bourse de v\u00e9hicules anciens de Ath.<\/p>\n\n\n\n<p><strong>6 avril:<\/strong> Sortie Club E21\/30 dans les environs de Versailles.<\/p>\n\n\n\n<p><strong>9 au 13 avril:<\/strong> Techno Classic de Essen.<\/p>\n\n\n\n<p><strong>13 avril:<\/strong> 10\u00e8me Rallye Old Timers de Nivelles.<\/p>\n\n\n\n<p><strong>20 avril:<\/strong> Static Rally Saison 5 Episode 1 &#8211; Sp\u00e9cial allemandes (Wavre)<\/p>\n\n\n\n<p><strong>26 au 27 avril:<\/strong> Classic Days de Magny-Cours.<\/p>\n\n\n\n<p><em><strong>8 au 11 mai:<\/strong> <strong>Sortie printemps dans les Vosges du BMW Club E21\/30 en collaboration avec le BMW Club HERITAGE Brussels.<\/strong><\/em><\/p>\n\n\n\n<p><strong>23 au 25 mai:<\/strong> Spa-Classic de Spa.<\/p>\n\n\n\n<p><strong>1 juin:<\/strong> Rassemblement de voitures de collection SourceOrama de Chaudfontaine.<\/p>\n\n\n\n<p><strong>6 au 8 juin:<\/strong> Grand Prix de l\u2019\u00e2ge d&rsquo;or de Dijon.<\/p>\n\n\n\n<p><strong><em>7 au 9 juin: Retromoteur Ciney de Ciney, avec la participation du BMW Club HERITAGE Brussels.<\/em><\/strong><\/p>\n\n\n\n<p><strong>3 au 6 juillet:<\/strong> Le Mans Classic du Mans.<\/p>\n\n\n\n<p><strong>5 au 6 juillet:<\/strong> Bourse Oldtimers de Libramont (Hall des foires)<\/p>\n\n\n\n<p><strong>8 au 10 ao\u00fbt:<\/strong> Mont\u00e9e Historique du Ballon d&rsquo;Alsace.<\/p>\n\n\n\n<p><strong>25 au 27 septembre:<\/strong> Spa Six Hours Belgique.<\/p>\n\n\n\n<p><strong>9 au 12 octobre:<\/strong> Zoute Rally Belgique.<\/p>\n\n\n\n<p><strong>7 au 9 novembre:<\/strong> Epoqu&rsquo;auto de Lyon.<\/p>\n\n\n\n<p><strong><em>14 au 16 novembre: Interclassics de Bruxelles, avec la participation du BMW Club HERITAGE Brussels.<\/em><\/strong><\/p>\n\n\n\n<figure class=\"wp-block-image size-large\"><img loading=\"lazy\" decoding=\"async\" width=\"1024\" height=\"768\" src=\"https:\/\/www.bmwheritage.club\/wp-content\/uploads\/2025\/01\/IMG-20241006-WA0087-1024x768.jpg\" alt=\"\" class=\"wp-image-190\" srcset=\"https:\/\/www.bmwheritage.club\/wp-content\/uploads\/2025\/01\/IMG-20241006-WA0087-1024x768.jpg 1024w, https:\/\/www.bmwheritage.club\/wp-content\/uploads\/2025\/01\/IMG-20241006-WA0087-300x225.jpg 300w, https:\/\/www.bmwheritage.club\/wp-content\/uploads\/2025\/01\/IMG-20241006-WA0087-768x576.jpg 768w, https:\/\/www.bmwheritage.club\/wp-content\/uploads\/2025\/01\/IMG-20241006-WA0087-1536x1152.jpg 1536w, https:\/\/www.bmwheritage.club\/wp-content\/uploads\/2025\/01\/IMG-20241006-WA0087.jpg 1600w\" sizes=\"auto, (max-width: 1024px) 100vw, 1024px\" \/><\/figure>\n\n\n\n<figure class=\"wp-block-image size-large\"><img loading=\"lazy\" decoding=\"async\" width=\"1024\" height=\"576\" src=\"https:\/\/www.bmwheritage.club\/wp-content\/uploads\/2025\/01\/IMG-20241013-WA0009-1024x576.jpg\" alt=\"\" class=\"wp-image-191\" srcset=\"https:\/\/www.bmwheritage.club\/wp-content\/uploads\/2025\/01\/IMG-20241013-WA0009-1024x576.jpg 1024w, https:\/\/www.bmwheritage.club\/wp-content\/uploads\/2025\/01\/IMG-20241013-WA0009-300x169.jpg 300w, https:\/\/www.bmwheritage.club\/wp-content\/uploads\/2025\/01\/IMG-20241013-WA0009-768x432.jpg 768w, https:\/\/www.bmwheritage.club\/wp-content\/uploads\/2025\/01\/IMG-20241013-WA0009-1536x864.jpg 1536w, https:\/\/www.bmwheritage.club\/wp-content\/uploads\/2025\/01\/IMG-20241013-WA0009.jpg 1600w\" sizes=\"auto, (max-width: 1024px) 100vw, 1024px\" \/><\/figure>\n\n\n\n<p class=\"has-text-align-center\">Contactez-nous : <a href=\"mailto:bmw.club.heritage@gmail.com\">bmw.club.heritage@gmail.com<\/a><\/p>\n\n\n\n<p><\/p>\n","protected":false},"excerpt":{"rendered":"<p>Les \u00e9v\u00e9nements du BMW Club HERITAGE Brussels pour 2025, et autre ou des membres du Club &nbsp;participe. 14 au 15 f\u00e9vrier: Bourse de v\u00e9hicules anc\u00eatres de Colfontaine. 8 au 9 mars: Salon Champenois du v\u00e9hicule de Collection de Reims. 14 au 16 mars: Collection Cars ANTWERP 4 au 6 avril: 23eme Bourse de v\u00e9hicules anciens [&hellip;]<\/p>\n","protected":false},"author":2,"featured_media":0,"parent":0,"menu_order":0,"comment_status":"closed","ping_status":"closed","template":"","meta":{"footnotes":""},"class_list":["post-188","page","type-page","status-publish","hentry"],"_links":{"self":[{"href":"https:\/\/www.bmwheritage.club\/index.php\/wp-json\/wp\/v2\/pages\/188","targetHints":{"allow":["GET"]}}],"collection":[{"href":"https:\/\/www.bmwheritage.club\/index.php\/wp-json\/wp\/v2\/pages"}],"about":[{"href":"https:\/\/www.bmwheritage.club\/index.php\/wp-json\/wp\/v2\/types\/page"}],"author":[{"embeddable":true,"href":"https:\/\/www.bmwheritage.club\/index.php\/wp-json\/wp\/v2\/users\/2"}],"replies":[{"embeddable":true,"href":"https:\/\/www.bmwheritage.club\/index.php\/wp-json\/wp\/v2\/comments?post=188"}],"version-history":[{"count":15,"href":"https:\/\/www.bmwheritage.club\/index.php\/wp-json\/wp\/v2\/pages\/188\/revisions"}],"predecessor-version":[{"id":313,"href":"https:\/\/www.bmwheritage.club\/index.php\/wp-json\/wp\/v2\/pages\/188\/revisions\/313"}],"wp:attachment":[{"href":"https:\/\/www.bmwheritage.club\/index.php\/wp-json\/wp\/v2\/media?parent=188"}],"curies":[{"name":"wp","href":"https:\/\/api.w.org\/{rel}","templated":true}]}}

<p>Les événements du BMW Club HERITAGE Brussels pour 2025, et autre ou des membres du Club &nbsp;participe.</p>



<p><strong>14 au 15 février:</strong> Bourse de véhicules ancêtres de Colfontaine.</p>



<p><strong>8 au 9 mars:</strong> Salon Champenois du véhicule de Collection de Reims.</p>



<p><strong>14 au 16 mars:</strong> Collection Cars ANTWERP</p>



<p><strong>4 au 6 avril:</strong> 23eme Bourse de véhicules anciens de Ath.</p>



<p><strong>6 avril:</strong> Sortie Club E21/30 dans les environs de Versailles.</p>



<p><strong>9 au 13 avril:</strong> Techno Classic de Essen.</p>



<p><strong>13 avril:</strong> 10ème Rallye Old Timers de Nivelles.</p>



<p><strong>20 avril:</strong> Static Rally Saison 5 Episode 1 &#8211; Spécial allemandes (Wavre)</p>



<p><strong>26 au 27 avril:</strong> Classic Days de Magny-Cours.</p>



<p><em><strong>8 au 11 mai:</strong> <strong>Sortie printemps dans les Vosges du BMW Club E21/30 en collaboration avec le BMW Club HERITAGE Brussels.</strong></em></p>



<p><strong>23 au 25 mai:</strong> Spa-Classic de Spa.</p>



<p><strong>1 juin:</strong> Rassemblement de voitures de collection SourceOrama de Chaudfontaine.</p>



<p><strong>6 au 8 juin:</strong> Grand Prix de l’âge d&rsquo;or de Dijon.</p>



<p><strong><em>7 au 9 juin: Retromoteur Ciney de Ciney, avec la participation du BMW Club HERITAGE Brussels.</em></strong></p>



<p><strong>3 au 6 juillet:</strong> Le Mans Classic du Mans.</p>



<p><strong>5 au 6 juillet:</strong> Bourse Oldtimers de Libramont (Hall des foires)</p>



<p><strong>8 au 10 août:</strong> Montée Historique du Ballon d&rsquo;Alsace.</p>



<p><strong>25 au 27 septembre:</strong> Spa Six Hours Belgique.</p>



<p><strong>9 au 12 octobre:</strong> Zoute Rally Belgique.</p>



<p><strong>7 au 9 novembre:</strong> Epoqu&rsquo;auto de Lyon.</p>



<p><strong><em>14 au 16 novembre: Interclassics de Bruxelles, avec la participation du BMW Club HERITAGE Brussels.</em></strong></p>



<figure class="wp-block-image size-large"><img loading="lazy" decoding="async" width="1024" height="768" src="https://www.bmwheritage.club/wp-content/uploads/2025/01/IMG-20241006-WA0087-1024x768.jpg" alt="" class="wp-image-190" srcset="https://www.bmwheritage.club/wp-content/uploads/2025/01/IMG-20241006-WA0087-1024x768.jpg 1024w, https://www.bmwheritage.club/wp-content/uploads/2025/01/IMG-20241006-WA0087-300x225.jpg 300w, https://www.bmwheritage.club/wp-content/uploads/2025/01/IMG-20241006-WA0087-768x576.jpg 768w, https://www.bmwheritage.club/wp-content/uploads/2025/01/IMG-20241006-WA0087-1536x1152.jpg 1536w, https://www.bmwheritage.club/wp-content/uploads/2025/01/IMG-20241006-WA0087.jpg 1600w" sizes="auto, (max-width: 1024px) 100vw, 1024px" /></figure>



<figure class="wp-block-image size-large"><img loading="lazy" decoding="async" width="1024" height="576" src="https://www.bmwheritage.club/wp-content/uploads/2025/01/IMG-20241013-WA0009-1024x576.jpg" alt="" class="wp-image-191" srcset="https://www.bmwheritage.club/wp-content/uploads/2025/01/IMG-20241013-WA0009-1024x576.jpg 1024w, https://www.bmwheritage.club/wp-content/uploads/2025/01/IMG-20241013-WA0009-300x169.jpg 300w, https://www.bmwheritage.club/wp-content/uploads/2025/01/IMG-20241013-WA0009-768x432.jpg 768w, https://www.bmwheritage.club/wp-content/uploads/2025/01/IMG-20241013-WA0009-1536x864.jpg 1536w, https://www.bmwheritage.club/wp-content/uploads/2025/01/IMG-20241013-WA0009.jpg 1600w" sizes="auto, (max-width: 1024px) 100vw, 1024px" /></figure>



<p class="has-text-align-center">Contactez-nous : <a href="mailto:bmw.club.heritage@gmail.com">bmw.club.heritage@gmail.com</a></p>



<p></p>

<p>Les événements du BMW Club HERITAGE Brussels pour 2025, et autre ou des membres du Club &nbsp;participe. 14 au 15 février: Bourse de véhicules ancêtres de Colfontaine. 8 au 9 mars: Salon Champenois du véhicule de Collection de Reims. 14 au 16 mars: Collection Cars ANTWERP 4 au 6 avril: 23eme Bourse de véhicules anciens [&hellip;]</p>
