{"id":203,"date":"2025-01-19T09:26:18","date_gmt":"2025-01-19T09:26:18","guid":{"rendered":"https:\/\/www.bmwheritage.club\/?page_id=203"},"modified":"2025-07-28T06:54:47","modified_gmt":"2025-07-28T06:54:47","slug":"archive","status":"publish","type":"page","link":"https:\/\/www.bmwheritage.club\/index.php\/archive\/","title":{"rendered":"Archives"},"content":{"rendered":"\n<p><strong>Les \u00e9v\u00e9nements anciens du club<\/strong><\/p>\n\n\n\n<p>Dans cette rubrique, vous pouvez consulter l&rsquo;ensemble de nos \u00e9v\u00e9nements anciens, class\u00e9s du plus r\u00e9cent au plus ancien.<\/p>\n\n\n\n<p><strong>2025<\/strong><\/p>\n\n\n\n<p>7 au 9 juin 2025: <strong>Retromoteur Ciney.<\/strong><\/p>\n\n\n\n<figure class=\"wp-block-image size-large\"><img loading=\"lazy\" decoding=\"async\" width=\"1024\" height=\"768\" src=\"https:\/\/www.bmwheritage.club\/wp-content\/uploads\/2025\/06\/504427792_122170994384345050_3059675291093390469_n-1024x768.jpg\" alt=\"\" class=\"wp-image-289\" srcset=\"https:\/\/www.bmwheritage.club\/wp-content\/uploads\/2025\/06\/504427792_122170994384345050_3059675291093390469_n-1024x768.jpg 1024w, https:\/\/www.bmwheritage.club\/wp-content\/uploads\/2025\/06\/504427792_122170994384345050_3059675291093390469_n-300x225.jpg 300w, https:\/\/www.bmwheritage.club\/wp-content\/uploads\/2025\/06\/504427792_122170994384345050_3059675291093390469_n-768x576.jpg 768w, https:\/\/www.bmwheritage.club\/wp-content\/uploads\/2025\/06\/504427792_122170994384345050_3059675291093390469_n-1536x1152.jpg 1536w, https:\/\/www.bmwheritage.club\/wp-content\/uploads\/2025\/06\/504427792_122170994384345050_3059675291093390469_n.jpg 2048w\" sizes=\"auto, (max-width: 1024px) 100vw, 1024px\" \/><\/figure>\n\n\n\n<p><strong>2024<\/strong><\/p>\n\n\n\n<p>16 novembre 2024: <strong>Scalextric<\/strong><\/p>\n\n\n\n<figure class=\"wp-block-image size-large\"><img loading=\"lazy\" decoding=\"async\" width=\"1024\" height=\"768\" src=\"https:\/\/www.bmwheritage.club\/wp-content\/uploads\/2025\/01\/470205992_122144703824345050_4323909182557183907_n-1024x768.jpg\" alt=\"\" class=\"wp-image-212\" srcset=\"https:\/\/www.bmwheritage.club\/wp-content\/uploads\/2025\/01\/470205992_122144703824345050_4323909182557183907_n-1024x768.jpg 1024w, https:\/\/www.bmwheritage.club\/wp-content\/uploads\/2025\/01\/470205992_122144703824345050_4323909182557183907_n-300x225.jpg 300w, https:\/\/www.bmwheritage.club\/wp-content\/uploads\/2025\/01\/470205992_122144703824345050_4323909182557183907_n-768x576.jpg 768w, https:\/\/www.bmwheritage.club\/wp-content\/uploads\/2025\/01\/470205992_122144703824345050_4323909182557183907_n-1536x1152.jpg 1536w, https:\/\/www.bmwheritage.club\/wp-content\/uploads\/2025\/01\/470205992_122144703824345050_4323909182557183907_n.jpg 2048w\" sizes=\"auto, (max-width: 1024px) 100vw, 1024px\" \/><\/figure>\n\n\n\n<figure class=\"wp-block-image size-large\"><img loading=\"lazy\" decoding=\"async\" width=\"768\" height=\"1024\" src=\"https:\/\/www.bmwheritage.club\/wp-content\/uploads\/2025\/01\/470228790_122144704100345050_9069793026021590449_n-768x1024.jpg\" alt=\"\" class=\"wp-image-213\" srcset=\"https:\/\/www.bmwheritage.club\/wp-content\/uploads\/2025\/01\/470228790_122144704100345050_9069793026021590449_n-768x1024.jpg 768w, https:\/\/www.bmwheritage.club\/wp-content\/uploads\/2025\/01\/470228790_122144704100345050_9069793026021590449_n-225x300.jpg 225w, https:\/\/www.bmwheritage.club\/wp-content\/uploads\/2025\/01\/470228790_122144704100345050_9069793026021590449_n-1152x1536.jpg 1152w, https:\/\/www.bmwheritage.club\/wp-content\/uploads\/2025\/01\/470228790_122144704100345050_9069793026021590449_n.jpg 1536w\" sizes=\"auto, (max-width: 768px) 100vw, 768px\" \/><\/figure>\n\n\n\n<figure class=\"wp-block-image size-large\"><img loading=\"lazy\" decoding=\"async\" width=\"768\" height=\"1024\" src=\"https:\/\/www.bmwheritage.club\/wp-content\/uploads\/2025\/01\/470232274_122144703848345050_3119499048174064138_n-768x1024.jpg\" alt=\"\" class=\"wp-image-214\" srcset=\"https:\/\/www.bmwheritage.club\/wp-content\/uploads\/2025\/01\/470232274_122144703848345050_3119499048174064138_n-768x1024.jpg 768w, https:\/\/www.bmwheritage.club\/wp-content\/uploads\/2025\/01\/470232274_122144703848345050_3119499048174064138_n-225x300.jpg 225w, https:\/\/www.bmwheritage.club\/wp-content\/uploads\/2025\/01\/470232274_122144703848345050_3119499048174064138_n-1152x1536.jpg 1152w, https:\/\/www.bmwheritage.club\/wp-content\/uploads\/2025\/01\/470232274_122144703848345050_3119499048174064138_n.jpg 1536w\" sizes=\"auto, (max-width: 768px) 100vw, 768px\" \/><\/figure>\n\n\n\n<p>15 au 17 novembre 2024: <strong>Interclassics Bruxelles.<\/strong><\/p>\n\n\n\n<figure class=\"wp-block-image size-large\"><img loading=\"lazy\" decoding=\"async\" width=\"1024\" height=\"768\" src=\"https:\/\/www.bmwheritage.club\/wp-content\/uploads\/2025\/06\/470138164_122144451416345050_6708249709196753147_n-1024x768.jpg\" alt=\"\" class=\"wp-image-291\" srcset=\"https:\/\/www.bmwheritage.club\/wp-content\/uploads\/2025\/06\/470138164_122144451416345050_6708249709196753147_n-1024x768.jpg 1024w, https:\/\/www.bmwheritage.club\/wp-content\/uploads\/2025\/06\/470138164_122144451416345050_6708249709196753147_n-300x225.jpg 300w, https:\/\/www.bmwheritage.club\/wp-content\/uploads\/2025\/06\/470138164_122144451416345050_6708249709196753147_n-768x576.jpg 768w, https:\/\/www.bmwheritage.club\/wp-content\/uploads\/2025\/06\/470138164_122144451416345050_6708249709196753147_n-1536x1152.jpg 1536w, https:\/\/www.bmwheritage.club\/wp-content\/uploads\/2025\/06\/470138164_122144451416345050_6708249709196753147_n.jpg 2048w\" sizes=\"auto, (max-width: 1024px) 100vw, 1024px\" \/><\/figure>\n\n\n\n<p>3 au 6 octobre 2024: <strong>Sortie Luxembourg Castel tour.<\/strong><\/p>\n\n\n\n<p>18 au 20 mai 2024: <strong>Retromoteur Ciney.<\/strong><\/p>\n\n\n\n<figure class=\"wp-block-image size-large\"><img loading=\"lazy\" decoding=\"async\" width=\"1024\" height=\"768\" src=\"https:\/\/www.bmwheritage.club\/wp-content\/uploads\/2025\/06\/20240518_184425-1024x768.jpg\" alt=\"\" class=\"wp-image-292\" srcset=\"https:\/\/www.bmwheritage.club\/wp-content\/uploads\/2025\/06\/20240518_184425-1024x768.jpg 1024w, https:\/\/www.bmwheritage.club\/wp-content\/uploads\/2025\/06\/20240518_184425-300x225.jpg 300w, https:\/\/www.bmwheritage.club\/wp-content\/uploads\/2025\/06\/20240518_184425-768x576.jpg 768w, https:\/\/www.bmwheritage.club\/wp-content\/uploads\/2025\/06\/20240518_184425-1536x1152.jpg 1536w, https:\/\/www.bmwheritage.club\/wp-content\/uploads\/2025\/06\/20240518_184425-2048x1536.jpg 2048w\" sizes=\"auto, (max-width: 1024px) 100vw, 1024px\" \/><\/figure>\n\n\n\n<p>26 au 28 avril 2024: <strong>Balade.<\/strong><\/p>\n\n\n\n<figure class=\"wp-block-image size-large\"><img loading=\"lazy\" decoding=\"async\" width=\"1024\" height=\"768\" src=\"https:\/\/www.bmwheritage.club\/wp-content\/uploads\/2025\/01\/20240427_105819-1024x768.jpg\" alt=\"\" class=\"wp-image-207\" srcset=\"https:\/\/www.bmwheritage.club\/wp-content\/uploads\/2025\/01\/20240427_105819-1024x768.jpg 1024w, https:\/\/www.bmwheritage.club\/wp-content\/uploads\/2025\/01\/20240427_105819-300x225.jpg 300w, https:\/\/www.bmwheritage.club\/wp-content\/uploads\/2025\/01\/20240427_105819-768x576.jpg 768w, https:\/\/www.bmwheritage.club\/wp-content\/uploads\/2025\/01\/20240427_105819-1536x1152.jpg 1536w, https:\/\/www.bmwheritage.club\/wp-content\/uploads\/2025\/01\/20240427_105819.jpg 2000w\" sizes=\"auto, (max-width: 1024px) 100vw, 1024px\" \/><\/figure>\n\n\n\n<figure class=\"wp-block-image size-large\"><img loading=\"lazy\" decoding=\"async\" width=\"1024\" height=\"768\" src=\"https:\/\/www.bmwheritage.club\/wp-content\/uploads\/2025\/01\/20240428_144524-1024x768.jpg\" alt=\"\" class=\"wp-image-208\" srcset=\"https:\/\/www.bmwheritage.club\/wp-content\/uploads\/2025\/01\/20240428_144524-1024x768.jpg 1024w, https:\/\/www.bmwheritage.club\/wp-content\/uploads\/2025\/01\/20240428_144524-300x225.jpg 300w, https:\/\/www.bmwheritage.club\/wp-content\/uploads\/2025\/01\/20240428_144524-768x576.jpg 768w, https:\/\/www.bmwheritage.club\/wp-content\/uploads\/2025\/01\/20240428_144524-1536x1152.jpg 1536w, https:\/\/www.bmwheritage.club\/wp-content\/uploads\/2025\/01\/20240428_144524.jpg 2000w\" sizes=\"auto, (max-width: 1024px) 100vw, 1024px\" \/><\/figure>\n\n\n\n<figure class=\"wp-block-image size-large\"><img loading=\"lazy\" decoding=\"async\" width=\"1024\" height=\"768\" src=\"https:\/\/www.bmwheritage.club\/wp-content\/uploads\/2025\/01\/20240427_121851-1024x768.jpg\" alt=\"\" class=\"wp-image-209\" srcset=\"https:\/\/www.bmwheritage.club\/wp-content\/uploads\/2025\/01\/20240427_121851-1024x768.jpg 1024w, https:\/\/www.bmwheritage.club\/wp-content\/uploads\/2025\/01\/20240427_121851-300x225.jpg 300w, https:\/\/www.bmwheritage.club\/wp-content\/uploads\/2025\/01\/20240427_121851-768x576.jpg 768w, https:\/\/www.bmwheritage.club\/wp-content\/uploads\/2025\/01\/20240427_121851-1536x1152.jpg 1536w, https:\/\/www.bmwheritage.club\/wp-content\/uploads\/2025\/01\/20240427_121851.jpg 2000w\" sizes=\"auto, (max-width: 1024px) 100vw, 1024px\" \/><\/figure>\n\n\n\n<figure class=\"wp-block-image size-large\"><img loading=\"lazy\" decoding=\"async\" width=\"1024\" height=\"768\" src=\"https:\/\/www.bmwheritage.club\/wp-content\/uploads\/2025\/01\/20240428_144228-1024x768.jpg\" alt=\"\" class=\"wp-image-210\" srcset=\"https:\/\/www.bmwheritage.club\/wp-content\/uploads\/2025\/01\/20240428_144228-1024x768.jpg 1024w, https:\/\/www.bmwheritage.club\/wp-content\/uploads\/2025\/01\/20240428_144228-300x225.jpg 300w, https:\/\/www.bmwheritage.club\/wp-content\/uploads\/2025\/01\/20240428_144228-768x576.jpg 768w, https:\/\/www.bmwheritage.club\/wp-content\/uploads\/2025\/01\/20240428_144228-1536x1152.jpg 1536w, https:\/\/www.bmwheritage.club\/wp-content\/uploads\/2025\/01\/20240428_144228.jpg 2000w\" sizes=\"auto, (max-width: 1024px) 100vw, 1024px\" \/><\/figure>\n\n\n\n<p class=\"has-text-align-center\">Contactez-nous : <a href=\"mailto:bmw.club.heritage@gmail.com\">bmw.club.heritage@gmail.com<\/a><\/p>\n","protected":false},"excerpt":{"rendered":"<p>Les \u00e9v\u00e9nements anciens du club Dans cette rubrique, vous pouvez consulter l&rsquo;ensemble de nos \u00e9v\u00e9nements anciens, class\u00e9s du plus r\u00e9cent au plus ancien. 2025 7 au 9 juin 2025: Retromoteur Ciney. 2024 16 novembre 2024: Scalextric 15 au 17 novembre 2024: Interclassics Bruxelles. 3 au 6 octobre 2024: Sortie Luxembourg Castel tour. 18 au 20 [&hellip;]<\/p>\n","protected":false},"author":2,"featured_media":0,"parent":0,"menu_order":0,"comment_status":"closed","ping_status":"closed","template":"","meta":{"footnotes":""},"class_list":["post-203","page","type-page","status-publish","hentry"],"_links":{"self":[{"href":"https:\/\/www.bmwheritage.club\/index.php\/wp-json\/wp\/v2\/pages\/203","targetHints":{"allow":["GET"]}}],"collection":[{"href":"https:\/\/www.bmwheritage.club\/index.php\/wp-json\/wp\/v2\/pages"}],"about":[{"href":"https:\/\/www.bmwheritage.club\/index.php\/wp-json\/wp\/v2\/types\/page"}],"author":[{"embeddable":true,"href":"https:\/\/www.bmwheritage.club\/index.php\/wp-json\/wp\/v2\/users\/2"}],"replies":[{"embeddable":true,"href":"https:\/\/www.bmwheritage.club\/index.php\/wp-json\/wp\/v2\/comments?post=203"}],"version-history":[{"count":10,"href":"https:\/\/www.bmwheritage.club\/index.php\/wp-json\/wp\/v2\/pages\/203\/revisions"}],"predecessor-version":[{"id":314,"href":"https:\/\/www.bmwheritage.club\/index.php\/wp-json\/wp\/v2\/pages\/203\/revisions\/314"}],"wp:attachment":[{"href":"https:\/\/www.bmwheritage.club\/index.php\/wp-json\/wp\/v2\/media?parent=203"}],"curies":[{"name":"wp","href":"https:\/\/api.w.org\/{rel}","templated":true}]}}