{"id":40,"date":"2025-01-17T14:17:43","date_gmt":"2025-01-17T14:17:43","guid":{"rendered":"https:\/\/www.bmwheritage.club\/?page_id=40"},"modified":"2025-07-28T06:56:27","modified_gmt":"2025-07-28T06:56:27","slug":"test-de-page","status":"publish","type":"page","link":"https:\/\/www.bmwheritage.club\/index.php\/test-de-page\/","title":{"rendered":"Organigramme"},"content":{"rendered":"\n<p>Au c\u0153ur du BMW Club Heritage Brussels, une \u00e9quipe de passionn\u00e9s travaille pour faire vivre notre passion : pr\u00e9server et c\u00e9l\u00e9brer les voitures BMW. Notre organigramme refl\u00e8te cette diversit\u00e9 de talents et de responsabilit\u00e9s. \u00c0 sa t\u00eate, nous trouvons le Pr\u00e9sident, charg\u00e9 de la direction g\u00e9n\u00e9rale et de la repr\u00e9sentation du club. Il est \u00e9paul\u00e9 par le Vice-pr\u00e9sident, qui supervise les projets sp\u00e9cifiques et les initiatives strat\u00e9giques.<\/p>\n\n\n\n<figure class=\"wp-block-image size-large\"><img loading=\"lazy\" decoding=\"async\" width=\"768\" height=\"1024\" src=\"https:\/\/www.bmwheritage.club\/wp-content\/uploads\/2025\/01\/d17b69cc-8c21-4363-8c0b-6b0298687809-768x1024.jpeg\" alt=\"\" class=\"wp-image-129\" srcset=\"https:\/\/www.bmwheritage.club\/wp-content\/uploads\/2025\/01\/d17b69cc-8c21-4363-8c0b-6b0298687809-768x1024.jpeg 768w, https:\/\/www.bmwheritage.club\/wp-content\/uploads\/2025\/01\/d17b69cc-8c21-4363-8c0b-6b0298687809-225x300.jpeg 225w, https:\/\/www.bmwheritage.club\/wp-content\/uploads\/2025\/01\/d17b69cc-8c21-4363-8c0b-6b0298687809-1152x1536.jpeg 1152w, https:\/\/www.bmwheritage.club\/wp-content\/uploads\/2025\/01\/d17b69cc-8c21-4363-8c0b-6b0298687809.jpeg 1200w\" sizes=\"auto, (max-width: 768px) 100vw, 768px\" \/><\/figure>\n\n\n\n<p>Le Tr\u00e9sorier veille sur les finances du club, assurant une gestion transparente des ressources. Le Secr\u00e9taire, quant \u00e0 lui, s\u2019occupe de la coordination administrative et de la communication interne. Nos Responsables d\u2019\u00e9v\u00e9nements planifient et organisent les salons, rallyes et balades, tandis que l\u2019\u00c9quipe technique partage son expertise pour aider les membres \u00e0 entretenir et restaurer leurs v\u00e9hicules.<\/p>\n\n\n\n<figure class=\"wp-block-image size-large\"><img loading=\"lazy\" decoding=\"async\" width=\"1024\" height=\"768\" src=\"https:\/\/www.bmwheritage.club\/wp-content\/uploads\/2025\/01\/IMG_8123-bis-1024x768.jpeg\" alt=\"\" class=\"wp-image-132\" srcset=\"https:\/\/www.bmwheritage.club\/wp-content\/uploads\/2025\/01\/IMG_8123-bis-1024x768.jpeg 1024w, https:\/\/www.bmwheritage.club\/wp-content\/uploads\/2025\/01\/IMG_8123-bis-300x225.jpeg 300w, https:\/\/www.bmwheritage.club\/wp-content\/uploads\/2025\/01\/IMG_8123-bis-768x576.jpeg 768w, https:\/\/www.bmwheritage.club\/wp-content\/uploads\/2025\/01\/IMG_8123-bis-1536x1152.jpeg 1536w, https:\/\/www.bmwheritage.club\/wp-content\/uploads\/2025\/01\/IMG_8123-bis.jpeg 2016w\" sizes=\"auto, (max-width: 1024px) 100vw, 1024px\" \/><\/figure>\n\n\n\n<p>Chaque membre de notre \u00e9quipe joue un r\u00f4le essentiel pour que le Club continue d\u2019\u00eatre une communaut\u00e9 conviviale, d\u00e9di\u00e9e \u00e0 notre passion commune pour les BMW d\u2019\u00e9poque.<\/p>\n\n\n\n<p class=\"has-text-align-center\"><strong>L&rsquo;\u00e9quipe HERITAGE<\/strong><br>Pr\u00e9sident: Olivier DUNAND<br>Vice-Pr\u00e9sident: Henri Florin<\/p>\n\n\n\n<p class=\"has-text-align-center\">Responsable Com: Cedric Dusepulchre<br> Team Secr\u00e9tariat: Didier Steyaert<br> R\u00e9dacteur: Jacques Van Roye<br>Tr\u00e9sori\u00e8re: Laurie Spilette<br>Tr\u00e9sorier Adjoint: Garbe Nicolas<br>R\u00e9f\u00e9rent Sortie: Jean Marie Bols<br>R\u00e9f\u00e9rent Technique: Marc Hainaut<\/p>\n\n\n\n<p class=\"has-text-align-center\">Ambassadeur France: Eric Peuvot<\/p>\n\n\n\n<figure class=\"wp-block-image size-large\"><img loading=\"lazy\" decoding=\"async\" width=\"1024\" height=\"768\" src=\"https:\/\/www.bmwheritage.club\/wp-content\/uploads\/2025\/01\/IMG_0820-bis-1024x768.jpeg\" alt=\"\" class=\"wp-image-131\" srcset=\"https:\/\/www.bmwheritage.club\/wp-content\/uploads\/2025\/01\/IMG_0820-bis-1024x768.jpeg 1024w, https:\/\/www.bmwheritage.club\/wp-content\/uploads\/2025\/01\/IMG_0820-bis-300x225.jpeg 300w, https:\/\/www.bmwheritage.club\/wp-content\/uploads\/2025\/01\/IMG_0820-bis-768x576.jpeg 768w, https:\/\/www.bmwheritage.club\/wp-content\/uploads\/2025\/01\/IMG_0820-bis-1536x1152.jpeg 1536w, https:\/\/www.bmwheritage.club\/wp-content\/uploads\/2025\/01\/IMG_0820-bis.jpeg 2016w\" sizes=\"auto, (max-width: 1024px) 100vw, 1024px\" \/><\/figure>\n\n\n\n<p class=\"has-text-align-center\"><strong>Contactez-nous : <a href=\"mailto:bmw.club.heritage@gmail.com\">bmw.club.heritage@gmail.com<\/a><\/strong><\/p>\n\n\n\n<p class=\"has-text-align-center\"><strong>BMW Club HERITAGE Brussels<\/strong><\/p>\n\n\n\n<p class=\"has-text-align-center\">204 Rue du Noyer<\/p>\n\n\n\n<p class=\"has-text-align-center\">1030 Bruxelles<\/p>\n\n\n\n<p class=\"has-text-align-center\">ASBL N\u00b0 d\u2019entreprise : 1010 414 851&nbsp;<\/p>\n\n\n\n<p class=\"has-text-align-center\">Membre du BEHVA N\u00b0: 757<\/p>\n","protected":false},"excerpt":{"rendered":"<p>Au c\u0153ur du BMW Club Heritage Brussels, une \u00e9quipe de passionn\u00e9s travaille pour faire vivre notre passion : pr\u00e9server et c\u00e9l\u00e9brer les voitures BMW. Notre organigramme refl\u00e8te cette diversit\u00e9 de talents et de responsabilit\u00e9s. \u00c0 sa t\u00eate, nous trouvons le Pr\u00e9sident, charg\u00e9 de la direction g\u00e9n\u00e9rale et de la repr\u00e9sentation du club. Il est \u00e9paul\u00e9 [&hellip;]<\/p>\n","protected":false},"author":2,"featured_media":0,"parent":0,"menu_order":0,"comment_status":"closed","ping_status":"closed","template":"","meta":{"footnotes":""},"class_list":["post-40","page","type-page","status-publish","hentry"],"_links":{"self":[{"href":"https:\/\/www.bmwheritage.club\/index.php\/wp-json\/wp\/v2\/pages\/40","targetHints":{"allow":["GET"]}}],"collection":[{"href":"https:\/\/www.bmwheritage.club\/index.php\/wp-json\/wp\/v2\/pages"}],"about":[{"href":"https:\/\/www.bmwheritage.club\/index.php\/wp-json\/wp\/v2\/types\/page"}],"author":[{"embeddable":true,"href":"https:\/\/www.bmwheritage.club\/index.php\/wp-json\/wp\/v2\/users\/2"}],"replies":[{"embeddable":true,"href":"https:\/\/www.bmwheritage.club\/index.php\/wp-json\/wp\/v2\/comments?post=40"}],"version-history":[{"count":15,"href":"https:\/\/www.bmwheritage.club\/index.php\/wp-json\/wp\/v2\/pages\/40\/revisions"}],"predecessor-version":[{"id":318,"href":"https:\/\/www.bmwheritage.club\/index.php\/wp-json\/wp\/v2\/pages\/40\/revisions\/318"}],"wp:attachment":[{"href":"https:\/\/www.bmwheritage.club\/index.php\/wp-json\/wp\/v2\/media?parent=40"}],"curies":[{"name":"wp","href":"https:\/\/api.w.org\/{rel}","templated":true}]}}

<p>Au cœur du BMW Club Heritage Brussels, une équipe de passionnés travaille pour faire vivre notre passion : préserver et célébrer les voitures BMW. Notre organigramme reflète cette diversité de talents et de responsabilités. À sa tête, nous trouvons le Président, chargé de la direction générale et de la représentation du club. Il est épaulé par le Vice-président, qui supervise les projets spécifiques et les initiatives stratégiques.</p>



<figure class="wp-block-image size-large"><img loading="lazy" decoding="async" width="768" height="1024" src="https://www.bmwheritage.club/wp-content/uploads/2025/01/d17b69cc-8c21-4363-8c0b-6b0298687809-768x1024.jpeg" alt="" class="wp-image-129" srcset="https://www.bmwheritage.club/wp-content/uploads/2025/01/d17b69cc-8c21-4363-8c0b-6b0298687809-768x1024.jpeg 768w, https://www.bmwheritage.club/wp-content/uploads/2025/01/d17b69cc-8c21-4363-8c0b-6b0298687809-225x300.jpeg 225w, https://www.bmwheritage.club/wp-content/uploads/2025/01/d17b69cc-8c21-4363-8c0b-6b0298687809-1152x1536.jpeg 1152w, https://www.bmwheritage.club/wp-content/uploads/2025/01/d17b69cc-8c21-4363-8c0b-6b0298687809.jpeg 1200w" sizes="auto, (max-width: 768px) 100vw, 768px" /></figure>



<p>Le Trésorier veille sur les finances du club, assurant une gestion transparente des ressources. Le Secrétaire, quant à lui, s’occupe de la coordination administrative et de la communication interne. Nos Responsables d’événements planifient et organisent les salons, rallyes et balades, tandis que l’Équipe technique partage son expertise pour aider les membres à entretenir et restaurer leurs véhicules.</p>



<figure class="wp-block-image size-large"><img loading="lazy" decoding="async" width="1024" height="768" src="https://www.bmwheritage.club/wp-content/uploads/2025/01/IMG_8123-bis-1024x768.jpeg" alt="" class="wp-image-132" srcset="https://www.bmwheritage.club/wp-content/uploads/2025/01/IMG_8123-bis-1024x768.jpeg 1024w, https://www.bmwheritage.club/wp-content/uploads/2025/01/IMG_8123-bis-300x225.jpeg 300w, https://www.bmwheritage.club/wp-content/uploads/2025/01/IMG_8123-bis-768x576.jpeg 768w, https://www.bmwheritage.club/wp-content/uploads/2025/01/IMG_8123-bis-1536x1152.jpeg 1536w, https://www.bmwheritage.club/wp-content/uploads/2025/01/IMG_8123-bis.jpeg 2016w" sizes="auto, (max-width: 1024px) 100vw, 1024px" /></figure>



<p>Chaque membre de notre équipe joue un rôle essentiel pour que le Club continue d’être une communauté conviviale, dédiée à notre passion commune pour les BMW d’époque.</p>



<p class="has-text-align-center"><strong>L&rsquo;équipe HERITAGE</strong><br>Président: Olivier DUNAND<br>Vice-Président: Henri Florin</p>



<p class="has-text-align-center">Responsable Com: Cedric Dusepulchre<br> Team Secrétariat: Didier Steyaert<br> Rédacteur: Jacques Van Roye<br>Trésorière: Laurie Spilette<br>Trésorier Adjoint: Garbe Nicolas<br>Référent Sortie: Jean Marie Bols<br>Référent Technique: Marc Hainaut</p>



<p class="has-text-align-center">Ambassadeur France: Eric Peuvot</p>



<figure class="wp-block-image size-large"><img loading="lazy" decoding="async" width="1024" height="768" src="https://www.bmwheritage.club/wp-content/uploads/2025/01/IMG_0820-bis-1024x768.jpeg" alt="" class="wp-image-131" srcset="https://www.bmwheritage.club/wp-content/uploads/2025/01/IMG_0820-bis-1024x768.jpeg 1024w, https://www.bmwheritage.club/wp-content/uploads/2025/01/IMG_0820-bis-300x225.jpeg 300w, https://www.bmwheritage.club/wp-content/uploads/2025/01/IMG_0820-bis-768x576.jpeg 768w, https://www.bmwheritage.club/wp-content/uploads/2025/01/IMG_0820-bis-1536x1152.jpeg 1536w, https://www.bmwheritage.club/wp-content/uploads/2025/01/IMG_0820-bis.jpeg 2016w" sizes="auto, (max-width: 1024px) 100vw, 1024px" /></figure>



<p class="has-text-align-center"><strong>Contactez-nous : <a href="mailto:bmw.club.heritage@gmail.com">bmw.club.heritage@gmail.com</a></strong></p>



<p class="has-text-align-center"><strong>BMW Club HERITAGE Brussels</strong></p>



<p class="has-text-align-center">204 Rue du Noyer</p>



<p class="has-text-align-center">1030 Bruxelles</p>



<p class="has-text-align-center">ASBL N° d’entreprise : 1010 414 851&nbsp;</p>



<p class="has-text-align-center">Membre du BEHVA N°: 757</p>

<p>Au cœur du BMW Club Heritage Brussels, une équipe de passionnés travaille pour faire vivre notre passion : préserver et célébrer les voitures BMW. Notre organigramme reflète cette diversité de talents et de responsabilités. À sa tête, nous trouvons le Président, chargé de la direction générale et de la représentation du club. Il est épaulé [&hellip;]</p>
