{"id":48,"date":"2025-01-17T20:26:00","date_gmt":"2025-01-17T20:26:00","guid":{"rendered":"https:\/\/www.bmwheritage.club\/?page_id=48"},"modified":"2025-07-28T06:55:22","modified_gmt":"2025-07-28T06:55:22","slug":"histoire-du-club","status":"publish","type":"page","link":"https:\/\/www.bmwheritage.club\/index.php\/histoire-du-club\/","title":{"rendered":"Histoire du club"},"content":{"rendered":"\n<p>L\u2019histoire du BMW Club Heritage Brussels commence en 2024, lorsqu\u2019un groupe de passionn\u00e9s de BMW d\u2019\u00e9poque d\u00e9cida, de se r\u00e9unir, pour cr\u00e9er un Club d\u00e9di\u00e9 aux voitures qui ont marqu\u00e9 l\u2019histoire de la c\u00e9l\u00e8bre marque bavaroise. Ces membres voulaient partager et pr\u00e9server ce patrimoine avec d\u2019autres.<\/p>\n\n\n\n<figure class=\"wp-block-image size-large\"><img loading=\"lazy\" decoding=\"async\" width=\"768\" height=\"1024\" src=\"https:\/\/www.bmwheritage.club\/wp-content\/uploads\/2025\/01\/IMG-20241006-WA0001-768x1024.jpg\" alt=\"\" class=\"wp-image-117\" srcset=\"https:\/\/www.bmwheritage.club\/wp-content\/uploads\/2025\/01\/IMG-20241006-WA0001-768x1024.jpg 768w, https:\/\/www.bmwheritage.club\/wp-content\/uploads\/2025\/01\/IMG-20241006-WA0001-225x300.jpg 225w, https:\/\/www.bmwheritage.club\/wp-content\/uploads\/2025\/01\/IMG-20241006-WA0001-1152x1536.jpg 1152w, https:\/\/www.bmwheritage.club\/wp-content\/uploads\/2025\/01\/IMG-20241006-WA0001.jpg 1200w\" sizes=\"auto, (max-width: 768px) 100vw, 768px\" \/><\/figure>\n\n\n\n<p>La fondation du club fut le fruit de nombreuses rencontres et discussions entre ces passionn\u00e9s. Leurs premi\u00e8res r\u00e9unions \u00e9taient anim\u00e9es par une volont\u00e9 commune : offrir une plateforme o\u00f9 les propri\u00e9taires et admirateurs de BMW classiques pourraient se retrouver, \u00e9changer.<\/p>\n\n\n\n<p>Rapidement, le Club prit son essor, attirant de nouveaux membres s\u00e9duits par l\u2019id\u00e9e de pr\u00e9server et restaurer des voitures.<\/p>\n\n\n\n<p>Depuis sa cr\u00e9ation, le club a organis\u00e9 des \u00e9v\u00e9nements, allant des expositions statiques aux rallyes dynamiques, permettant aux membres de partager leurs connaissances et leurs exp\u00e9riences. Les membres du club sont unis par leur passion commune.<\/p>\n\n\n\n<figure class=\"wp-block-image size-large\"><img loading=\"lazy\" decoding=\"async\" width=\"1024\" height=\"768\" src=\"https:\/\/www.bmwheritage.club\/wp-content\/uploads\/2025\/01\/IMG-20241006-WA0024-1024x768.jpg\" alt=\"\" class=\"wp-image-119\" srcset=\"https:\/\/www.bmwheritage.club\/wp-content\/uploads\/2025\/01\/IMG-20241006-WA0024-1024x768.jpg 1024w, https:\/\/www.bmwheritage.club\/wp-content\/uploads\/2025\/01\/IMG-20241006-WA0024-300x225.jpg 300w, https:\/\/www.bmwheritage.club\/wp-content\/uploads\/2025\/01\/IMG-20241006-WA0024-768x576.jpg 768w, https:\/\/www.bmwheritage.club\/wp-content\/uploads\/2025\/01\/IMG-20241006-WA0024-1536x1152.jpg 1536w, https:\/\/www.bmwheritage.club\/wp-content\/uploads\/2025\/01\/IMG-20241006-WA0024.jpg 1600w\" sizes=\"auto, (max-width: 1024px) 100vw, 1024px\" \/><\/figure>\n\n\n\n<p>Le Club est devenu un point de rencontre incontournable pour les amateurs, un lieu o\u00f9 chaque v\u00e9hicule raconte une histoire et o\u00f9 chaque membre contribue \u00e0 la pr\u00e9servation et \u00e0 la transmission de cet h\u00e9ritage pr\u00e9cieux.<\/p>\n\n\n\n<figure class=\"wp-block-image size-large\"><img loading=\"lazy\" decoding=\"async\" width=\"1024\" height=\"768\" src=\"https:\/\/www.bmwheritage.club\/wp-content\/uploads\/2025\/01\/20241006_100257-bix-1-1024x768.jpg\" alt=\"\" class=\"wp-image-151\" srcset=\"https:\/\/www.bmwheritage.club\/wp-content\/uploads\/2025\/01\/20241006_100257-bix-1-1024x768.jpg 1024w, https:\/\/www.bmwheritage.club\/wp-content\/uploads\/2025\/01\/20241006_100257-bix-1-300x225.jpg 300w, https:\/\/www.bmwheritage.club\/wp-content\/uploads\/2025\/01\/20241006_100257-bix-1-768x576.jpg 768w, https:\/\/www.bmwheritage.club\/wp-content\/uploads\/2025\/01\/20241006_100257-bix-1-1536x1152.jpg 1536w, https:\/\/www.bmwheritage.club\/wp-content\/uploads\/2025\/01\/20241006_100257-bix-1.jpg 2016w\" sizes=\"auto, (max-width: 1024px) 100vw, 1024px\" \/><\/figure>\n\n\n\n<p class=\"has-text-align-center\"><strong>Contactez-nous : <a href=\"mailto:bmw.club.heritage@gmail.com\">bmw.club.heritage@gmail.com<\/a><\/strong><\/p>\n\n\n\n<p><\/p>\n","protected":false},"excerpt":{"rendered":"<p>L\u2019histoire du BMW Club Heritage Brussels commence en 2024, lorsqu\u2019un groupe de passionn\u00e9s de BMW d\u2019\u00e9poque d\u00e9cida, de se r\u00e9unir, pour cr\u00e9er un Club d\u00e9di\u00e9 aux voitures qui ont marqu\u00e9 l\u2019histoire de la c\u00e9l\u00e8bre marque bavaroise. Ces membres voulaient partager et pr\u00e9server ce patrimoine avec d\u2019autres. La fondation du club fut le fruit de nombreuses [&hellip;]<\/p>\n","protected":false},"author":2,"featured_media":0,"parent":0,"menu_order":0,"comment_status":"closed","ping_status":"closed","template":"","meta":{"footnotes":""},"class_list":["post-48","page","type-page","status-publish","hentry"],"_links":{"self":[{"href":"https:\/\/www.bmwheritage.club\/index.php\/wp-json\/wp\/v2\/pages\/48","targetHints":{"allow":["GET"]}}],"collection":[{"href":"https:\/\/www.bmwheritage.club\/index.php\/wp-json\/wp\/v2\/pages"}],"about":[{"href":"https:\/\/www.bmwheritage.club\/index.php\/wp-json\/wp\/v2\/types\/page"}],"author":[{"embeddable":true,"href":"https:\/\/www.bmwheritage.club\/index.php\/wp-json\/wp\/v2\/users\/2"}],"replies":[{"embeddable":true,"href":"https:\/\/www.bmwheritage.club\/index.php\/wp-json\/wp\/v2\/comments?post=48"}],"version-history":[{"count":14,"href":"https:\/\/www.bmwheritage.club\/index.php\/wp-json\/wp\/v2\/pages\/48\/revisions"}],"predecessor-version":[{"id":316,"href":"https:\/\/www.bmwheritage.club\/index.php\/wp-json\/wp\/v2\/pages\/48\/revisions\/316"}],"wp:attachment":[{"href":"https:\/\/www.bmwheritage.club\/index.php\/wp-json\/wp\/v2\/media?parent=48"}],"curies":[{"name":"wp","href":"https:\/\/api.w.org\/{rel}","templated":true}]}}